i(w) = -4*w + 83. Let y be i(20). What is the units digit of (-1396)/6*-5*y/10?
9
Suppose -4607 = -5*w + f - 625, 0 = -5*w - 3*f + 3974. What is the tens digit of w?
9
Let k be (3 - 5) + 6 + -1. Let l be -5 + k - 0 - 0. Let i(v) = 2*v**2 - 2*v + 1. What is the tens digit of i(l)?
1
What is the hundreds digit of (-1)/6 - -10550*(-3)/(-36)?
8
Suppose 4 = 5*v + 24. Let h be 1 + 0 + 10*3. What is the tens digit of v*3/3 + h?
2
Let u = 43 - 39. What is the units digit of (2/u)/(2/392)?
8
Suppose 2*a = -0*j - 2*j + 18, -4*j + 32 = 5*a. Let d(w) = w**3 - 12*w**2 - 11*w - 18. Let c be d(j). Suppose -2*t = c - 82. What is the tens digit of t?
3
Suppose -a + q + 215 = 0, -30*q = -25*q + 10. What is the hundreds digit of a?
2
Suppose -5*o = -5*x - 1220, 2*o - 5*x = 433 + 61. Suppose m - 5*t - 100 = 0, 4*m + t - 95 - o = 0. What is the units digit of m?
5
Suppose -7*b = -b - 3012. What is the units digit of b?
2
Suppose 4*h + 0*j = 4*j, -2*j - 5 = -h. What is the units digit of 3/(15/2) - 113/h?
3
Let y(s) = s + 2. Let m be y(-4). Let t be m + -1 + (-20)/(-4). Suppose 0 = t*z - 60 - 2. What is the units digit of z?
1
Let n be -1*-153*1*4/3. Let s = 344 - n. What is the units digit of s?
0
Let w(u) be the third derivative of u**5/120 + 11*u**4/24 + u**3/2 + u**2. Let t(r) be the first derivative of w(r). What is the tens digit of t(8)?
1
Let y(c) = 125*c**2 - 9*c - 16. What is the units digit of y(-2)?
2
Suppose 3*a - c + 40 = 0, -a + 3*c - 2 - 22 = 0. What is the units digit of 2/12 + (-154)/a?
3
Let c = 242 - -1. What is the units digit of c?
3
Let b be (57/(-133))/(1/(-14)). Suppose 2*f = 10 + 2. Suppose -f = 3*s - b*s. What is the units digit of s?
2
Suppose h - 1848 = -v, 4*h + 5*v + 1601 - 8993 = 0. What is the tens digit of h?
4
Let d be -1*1/(4/(-12)). Suppose 3*j + 10 = -2, 2*k - 28 = d*j. Let l(w) = -w**2 + 9*w. What is the units digit of l(k)?
8
Let b(s) = 4*s. Let x be b(-2). Let v(q) = -18*q + 5. Let y(t) = 6*t - 2. Let m(d) = x*y(d) - 3*v(d). What is the units digit of m(1)?
7
Let f = 0 + -1. Let u(n) = -3*n - n**2 - 5*n - n - 17*n**3 + 8*n. What is the units digit of u(f)?
7
Let f(l) = 4*l**2 + 20*l + 78. What is the tens digit of f(-28)?
5
Let i(d) = -d**3 - 4*d**2 + 17*d - 15. Let f(m) = m - 2*m**2 + 7*m + 2 - 9 + 0. Let a(s) = 13*f(s) - 6*i(s). What is the units digit of a(1)?
5
Suppose 3*n - 5641 = -q - 134, -2*q = 4*n - 7342. What is the thousands digit of n?
1
Suppose q = -2*o - 53, 0 = -3*o + 7*o - 20. What is the units digit of q/(-28)*(4 + 0)?
9
Let a(f) = 2*f**2 + 10*f - 11. What is the units digit of a(-6)?
1
Let y = -31 - -22. Let d be y/3*(-11)/3. Let t = d - -9. What is the units digit of t?
0
Let d = -11 - -12. Suppose -2*s + d = 5*k, 2*s - 4*s + 3*k = -25. Let v(o) = 3*o. What is the tens digit of v(s)?
2
Suppose -4 = 3*i - 5*i. Let d(x) = 8*x**2 - 5*x + 7. What is the units digit of d(i)?
9
Let v(z) = -z**2 - 13*z - 25. Let x be v(-10). Suppose -3*y + 15 = 4*d, 0 = -0*y + x*y + d - 8. What is the units digit of y?
1
Let o(y) = 2*y**2 + 3*y. Let h be o(-2). Suppose h*u + 15 = 5*u. Suppose -117 - 38 = -u*r. What is the units digit of r?
1
Suppose 491*a + 3785 = 496*a. What is the hundreds digit of a?
7
Let r(n) = 2*n**2 + 4*n - 25. Suppose -2*y - 30 + 8 = 0. What is the units digit of r(y)?
3
Suppose 10*w - 2434 = 1966. What is the hundreds digit of w?
4
Suppose i - 171*c - 1529 = -169*c, i - 5*c - 1517 = 0. What is the hundreds digit of i?
5
What is the units digit of 28/(-63) - 4405/(-9)?
9
Let s(r) = -400*r + 10. What is the hundreds digit of s(-4)?
6
Let i be (-1 - 1) + -3 + 5. What is the units digit of ((-4)/(-12) + i)*(484 - 1)?
1
Suppose -4 = 5*h - 4*m + 1, 2*h - 4*m + 14 = 0. Suppose h*y + 16 = -2. What is the units digit of y/(-4)*(-480)/(-45)?
6
Let j(n) = -3*n**2 + n - 3. Let g(c) = c + 1. Let b(z) = -2*g(z) - j(z). Let o be b(3). Let h = o - 15. What is the units digit of h?
4
Let r(h) = 2*h + 2. Let k be 120/32 + (-2)/(-8). What is the tens digit of r(k)?
1
Let n = -36 + 40. Suppose 0 = -t - 4*t, -2*t = n*h - 20. Suppose -215 = -3*x + 2*z, 5*x - h*z = 448 - 98. What is the tens digit of x?
7
Suppose 4*u = 9*u - 1320. Suppose 4*t + u = 696. What is the hundreds digit of t?
1
Let g = -12 - -26. Suppose 4*l - 6*l + g = 0. What is the units digit of l?
7
Let s = 24 + -21. What is the tens digit of (3 - 6)/(s/(-45))?
4
Suppose -2*j + 137 = -867. What is the units digit of j?
2
Suppose v - n + 245 = 1176, -5*v + 2*n = -4658. What is the hundreds digit of v?
9
What is the thousands digit of (12146/(-12))/((-24)/144)?
6
Let q be 3/(-5) + 138/30. Let c be 2 + q/1 + 84. Suppose 2*b - 3*b + 45 = 4*l, -l + c = 2*b. What is the units digit of b?
5
Let a = 195 - 51. What is the units digit of a?
4
Let x(s) = 10*s + 10. Let q be (-9)/(-2) - (-6)/(-4). What is the tens digit of x(q)?
4
Let g be ((-9)/(-6))/(6/16). Let a be 25/(-10)*g/(-2). Suppose 2*i - a*i + 60 = 0. What is the tens digit of i?
2
Let y = -3082 - -6064. What is the thousands digit of y?
2
Let v(y) = 5*y - 15. Let l(k) = 6*k - 16. Let c(a) = 2*l(a) - 3*v(a). What is the tens digit of c(-16)?
6
Suppose -5*o = -3*h + 3945 + 4155, -4*o = 5*h - 13500. What is the tens digit of h?
0
Let j = -19 - -29. Suppose 44 = q + j. What is the units digit of q?
4
Let t be (-1)/((-1)/(-8))*-1. Suppose -t = 5*s + 27. Let z = s + 13. What is the units digit of z?
6
Let s(p) = 12*p + 1. Let d be (-22)/(-2) - (9 + -6). Let g be (d/(-6) + 1)*-6. What is the tens digit of s(g)?
2
Let r = 2139 - 228. What is the units digit of r?
1
Let l be (-4)/(-26) - 2448/26. Let n = l - -152. What is the tens digit of n?
5
Let p(q) = 8*q**2 + 14*q + 1. What is the hundreds digit of p(-6)?
2
Suppose -3*k - 7 = -13. Suppose x = -3*h + 4*h - 26, 3*h - 76 = k*x. What is the tens digit of h?
2
Let x(k) = -2*k + 1. Let r(l) = -l**3 - l**2 - l - 4. Let a be 1 - (-2 - (1 - 4)). Let b be r(a). What is the units digit of x(b)?
9
What is the tens digit of -1 - (-4137)/14*2?
9
Let z be 896/5 - (-11)/(-55). Suppose -z + 62 = -3*s. What is the tens digit of s?
3
Let u = 53 + -49. Suppose 5*v - u*v - 45 = 4*o, 0 = -5*o - 5. What is the units digit of v?
1
What is the units digit of (-1 + 53)*(-14 - -18)?
8
Let n = -245 + 346. Let i = n - 22. What is the tens digit of i?
7
Suppose 2*x + x - 36 = 0. Suppose -7*n = -x*n + 165. Let a = n + -20. What is the units digit of a?
3
What is the units digit of 16/44 - 203378/(-154)?
1
Let n = -308 + 455. What is the units digit of n?
7
Let l be 1/3 + (-28)/(-6). Suppose 0*m + 35 = 5*v + l*m, -4 = -2*v + 3*m. Suppose 0 = 2*h - v*h + 21. What is the units digit of h?
7
What is the tens digit of (-2)/(1 + (-323)/321)?
2
Suppose 3*t - 3*c = 8997, 2*t + 14*c = 15*c + 5997. What is the tens digit of t?
9
Suppose 2*a = -5*a + 2478. Suppose m + a = 2*f, 2*m + 183 = 3*f - 2*f. What is the units digit of f?
5
Let q(v) = 0 - v**2 - 36*v**3 + 0. Suppose 35*a + a + 36 = 0. What is the units digit of q(a)?
5
Let l = 93 + -93. What is the tens digit of 2 - (l - 306)/3?
0
Suppose 4*u - 2*g = 370, -4*g + 3 = 15. Let c = u + -10. What is the units digit of c?
1
Suppose 0*a + 2*a = 0. Suppose -81 = -3*l - a. Suppose 6*z - l = 105. What is the tens digit of z?
2
Suppose -p - 2*a = -392 - 725, 4*p - 5*a = 4533. What is the hundreds digit of p?
1
Let t(u) be the first derivative of -87*u**2/2 - 23. What is the units digit of t(-1)?
7
Suppose 0 = -5*m - 4*q + 3843, 2 = q - 0*q. What is the units digit of m?
7
Suppose 2 = -2*w + 46. Suppose -u + 13 = -2*s, -s - 2*s - w = u. Let q(b) = b + 12. What is the units digit of q(s)?
5
Let d be 16/(-56) - (-2)/7. Suppose 280 = 5*z - j, d = 2*j - 4*j - 10. What is the units digit of z?
5
Suppose 0 = b + 4*b - 1635. What is the units digit of b?
7
Suppose 0 = 2*l - w - 8, -5*l + 2*w + 6 = -3*l. Let k(m) = 11*m + 7. Let t(z) = -5*z - 3. Let n(x) = -6*k(x) - 14*t(x). What is the tens digit of n(l)?
2
Suppose 2*w + 5*v - 3877 = 2165, 5*w - 15105 = -5*v. What is the units digit of w?
1
Let q(f) = 7*f - 4*f + 29*f - 1. What is the units digit of q(2)?
3
Let y(t) = 32*t**2 + 3*t - 66. What is the hundreds digit of y(6)?
1
Suppose -5 - 22 = -3*d. Let a be (-3 - -3) + (-2)/(-1). Suppose 0*b + 3*b = -d, -4 = -a*f - 2*b. What is the units digit of f?
5
Suppose -p +